{"id":19942,"date":"2025-02-14T09:55:40","date_gmt":"2025-02-14T09:55:40","guid":{"rendered":"https:\/\/swisstomato.ch\/references\/global-disability-summit-2025\/"},"modified":"2026-03-19T19:17:38","modified_gmt":"2026-03-19T19:17:38","slug":"global-disability-summit-2025","status":"publish","type":"reference","link":"https:\/\/swisstomato.ch\/de\/referenzen\/global-disability-summit-2025\/","title":{"rendered":"Globaler Gipfel f\u00fcr Menschen mit Behinderungen 2025"},"content":{"rendered":"\r\n<div  class=\"stbase-reference-introduction-block  stbase-block color-light\">\r\n            <div class=\"introduction\">\r\n            <div class=\"content\">\r\n                <div class=\"content-inner\"  style=\"background-color: #0f5aff;\" >\r\n                    <div class=\"container-860\">\r\n                        <h2 class=\"title\">Der Kunde<\/h2>\r\n                        <div class=\"introduction-text\"><p><span style=\"font-weight: 400;\">Der <strong>Global Disability Summit (GDS)<\/strong>, eine Initiative der<strong> International Disability Alliance (IDA)<\/strong>, ist eine wichtige internationale Veranstaltung zur F\u00f6rderung der Rechte und Inklusion von Menschen mit Behinderungen. Der Gipfel dient als Plattform, die Regierungen, zivilgesellschaftliche Organisationen, Gruppen f\u00fcr Rechte von Personen mit Behinderungen und andere wichtige Akteure zusammenzubringen, um Verpflichtungen rund um den Einsatz f\u00fcr mehr Gleichstellung und Inklusion der globalen Behindertengemeinschaft zu erreichen.<\/span><\/p>\n<p><span style=\"font-weight: 400;\">Der GDS findet alle paar Jahre statt und bietet Raum f\u00fcr Dialog, Rechenschaftspflicht und die Erreichung konkreter Massnahmen. Er zeigt die dr\u00e4ngenden Herausforderungen auf, mit denen Menschen mit Behinderungen konfrontiert sind \u2013 darunter Barrieren in den Bereichen Bildung, Besch\u00e4ftigung, Gesundheitsversorgung und politische Teilhabe \u2013 und zeigt innovative L\u00f6sungen auf, um diese zu l\u00f6sen. Der Gipfel ermutigt die Beteiligten, konkrete, messbare Verpflichtungen einzugehen, die Barrierefreiheit, Nichtdiskriminierung und Empowerment in ihren jeweiligen Bereichen f\u00f6rdern.<\/span><\/p>\n<\/div>\r\n                    <\/div>\r\n                <\/div>\r\n                <div class=\"introduction-image container-1080\">\r\n                    <img decoding=\"async\" src=\" https:\/\/swisstomato.ch\/wp-content\/uploads\/2025\/02\/small-img-1.jpg\" alt=\"Der Kunde\" \/>\r\n                <\/div>\r\n            <\/div>\r\n        <\/div>\r\n<\/div>\r\n<\/div>\n\n\r\n<div  class=\"stbase-reference-text-image-block  stbase-block \">\r\n            <div class=\"content-inner container-640\">\r\n            <h2 class=\"title\">Die Herausforderung<\/h2>\r\n            <div class=\"introduction-text\"><p><span style=\"font-weight: 400;\">Der Global Disability Summit ben\u00f6tigte eine Website, auf der er die Bedeutung seiner Arbeit vermitteln sowie Informationen \u00fcber seine Veranstaltungen, die Anmeldung zum Gipfel und dessen Programme mit der \u00d6ffentlichkeit teilen kann.<\/span><\/p>\n<\/div>\r\n        <\/div>\r\n        <div class=\"image container-1080\">\r\n            <img decoding=\"async\" src=\" https:\/\/swisstomato.ch\/wp-content\/uploads\/2025\/02\/GDS-img2.jpg\" alt=\"Die Herausforderung\" \/>\r\n        <\/div>\r\n    <\/div>\n\n\r\n<div  class=\"stbase-reference-result-block  stbase-block color-light  additional\">\r\n                <div class=\"additional-content content-inner container-640\">\r\n                                    <h2 class=\"title\">Die L\u00f6sung<\/h2>\r\n                                <div class=\"additional-text\"><p><span style=\"font-weight: 400;\">Swiss Tomato entwickelte eine <a href=\"https:\/\/swisstomato.ch\/de\/webdesign-zurich\/\">WordPress-Website<\/a>, die erkl\u00e4rt, wer der GDS ist, und eine Vielzahl von Ressourcen zu vergangenen Veranstaltungen und gesammelten Berichten bereitstellt. Die Website informiert \u00fcber verschiedene Veranstaltungen, regionale Gipfel, Foren der Zivilgesellschaft sowie die Programme des Global Disability Summit. Die Anmeldung zu diesen Veranstaltungen ist \u00fcber die Website m\u00f6glich.<\/span><\/p>\n<h4><b>Barrierefreiheit<\/b><\/h4>\n<p><span style=\"font-weight: 400;\">Die neue GDS-Website ist nicht nur farbenfroh und benutzerfreundlich, sondern verf\u00fcgt auch \u00fcber spezielle Funktionen hinsichtlich Barrierefreiheit, die es Menschen mit Behinderungen erleichtern, die Website zu verstehen und zu nutzen. Dazu geh\u00f6ren die Anpassung der Schriftgr\u00f6sse, Farben und Schaltfl\u00e4chen sowie eine Text-zu-Sprache-Funktion und eine einfache Navigation \u00fcber die Tastatur.<\/span><\/p>\n<\/div>\r\n            <\/div>\r\n                <div class=\"content media-type-ipad\">\r\n            <div class=\"content-background\"  style=\"background-color: #0f5aff;\" ><\/div>\r\n                            <div class=\"media image-in-ipad container-1080\">\r\n                    <img decoding=\"async\" src=\" https:\/\/swisstomato.ch\/wp-content\/uploads\/2025\/02\/GDS-screen.jpg\" class=\"ipad-inner\" alt=\"\" \/>\r\n                    <img decoding=\"async\" src=\"https:\/\/swisstomato.ch\/wp-content\/themes\/st-base-theme\/assets\/imgs\/iPad-frame.png\" class=\"ipad-frame\" alt=\"iPad frame\" \/>\r\n                <\/div>\r\n                        <div class=\"result content-inner container-640\">\r\n                <h2 class=\"title\">Die Ergebnisse<\/h2>\r\n                <div class=\"result-text\"><p><span style=\"font-weight: 400;\">Durch einen kollaborativen und ergebnisorientierten Ansatz verfolgt der GDS das Ziel, eine Welt zu schaffen, in der Menschen mit Behinderungen gleiche Chancen haben, sich zu beteiligen, beizutragen und in der Gesellschaft erfolgreich zu sein \u2013 und damit die globale Bewegung f\u00fcr echte Inklusion und soziale Gerechtigkeit voranzutreiben.<\/span><\/p>\n<\/div>\r\n                                    <div class=\"project-button\">\r\n                        <a href=\"https:\/\/www.globaldisabilitysummit.org\/\" target=\"_blank\" class=\"button project\" rel=\"noopener\">\r\n                            <i class=\"fas fa-external-link-alt\"><\/i>\r\n                            <span>Live website<\/span>\r\n                        <\/a>\r\n                    <\/div>\r\n                            <\/div>\r\n        <\/div>\r\n    <\/div>","protected":false},"featured_media":50986,"template":"single-reference-cs.php","reference_category":[19],"reference_tag":[47],"reference_client":[113],"acf":{"masonry_reference_title":"Global Disability Summit","masonry_reference_text":"Website-Entwicklung f\u00fcr Barrierefreiheit und Inklusion","masonry_thumbnail_image":50983,"masonry_black_layer_below_title":false,"masonry_black_layer_below_title_mobile":false,"masonry_awards":null,"no_category_order":16,"web_category_order":13,"app_category_order":"","arvr_category_order":"","startup_client_order":"","smbs_client_order":"","nonprofit_client_order":16,"bigbrand_client_order":"","hide_in_archive":false},"featured_image_url":"https:\/\/swisstomato.ch\/wp-content\/uploads\/2025\/02\/Hero-image-GDS.jpg","category_name":"Web","client_name":"Non-profit","_links":{"self":[{"href":"https:\/\/swisstomato.ch\/de\/wp-json\/wp\/v2\/reference\/19942"}],"collection":[{"href":"https:\/\/swisstomato.ch\/de\/wp-json\/wp\/v2\/reference"}],"about":[{"href":"https:\/\/swisstomato.ch\/de\/wp-json\/wp\/v2\/types\/reference"}],"wp:featuredmedia":[{"embeddable":true,"href":"https:\/\/swisstomato.ch\/de\/wp-json\/wp\/v2\/media\/50986"}],"wp:attachment":[{"href":"https:\/\/swisstomato.ch\/de\/wp-json\/wp\/v2\/media?parent=19942"}],"wp:term":[{"taxonomy":"reference_category","embeddable":true,"href":"https:\/\/swisstomato.ch\/de\/wp-json\/wp\/v2\/reference_category?post=19942"},{"taxonomy":"reference_tag","embeddable":true,"href":"https:\/\/swisstomato.ch\/de\/wp-json\/wp\/v2\/reference_tag?post=19942"},{"taxonomy":"reference_client","embeddable":true,"href":"https:\/\/swisstomato.ch\/de\/wp-json\/wp\/v2\/reference_client?post=19942"}],"curies":[{"name":"wp","href":"https:\/\/api.w.org\/{rel}","templated":true}]}}

Globaler Gipfel für Menschen mit Behinderungen 2025

<div  class="stbase-reference-introduction-block  stbase-block color-light">
            <div class="introduction">
            <div class="content">
                <div class="content-inner"  style="background-color: #0f5aff;" >
                    <div class="container-860">
                        <h2 class="title">Der Kunde</h2>
                        <div class="introduction-text"><p><span style="font-weight: 400;">Der <strong>Global Disability Summit (GDS)</strong>, eine Initiative der<strong> International Disability Alliance (IDA)</strong>, ist eine wichtige internationale Veranstaltung zur Förderung der Rechte und Inklusion von Menschen mit Behinderungen. Der Gipfel dient als Plattform, die Regierungen, zivilgesellschaftliche Organisationen, Gruppen für Rechte von Personen mit Behinderungen und andere wichtige Akteure zusammenzubringen, um Verpflichtungen rund um den Einsatz für mehr Gleichstellung und Inklusion der globalen Behindertengemeinschaft zu erreichen.</span></p>
<p><span style="font-weight: 400;">Der GDS findet alle paar Jahre statt und bietet Raum für Dialog, Rechenschaftspflicht und die Erreichung konkreter Massnahmen. Er zeigt die drängenden Herausforderungen auf, mit denen Menschen mit Behinderungen konfrontiert sind – darunter Barrieren in den Bereichen Bildung, Beschäftigung, Gesundheitsversorgung und politische Teilhabe – und zeigt innovative Lösungen auf, um diese zu lösen. Der Gipfel ermutigt die Beteiligten, konkrete, messbare Verpflichtungen einzugehen, die Barrierefreiheit, Nichtdiskriminierung und Empowerment in ihren jeweiligen Bereichen fördern.</span></p>
</div>
                    </div>
                </div>
                <div class="introduction-image container-1080">
                    <img decoding="async" src=" https://swisstomato.ch/wp-content/uploads/2025/02/small-img-1.jpg" alt="Der Kunde" />
                </div>
            </div>
        </div>
</div>
</div>


<div  class="stbase-reference-text-image-block  stbase-block ">
            <div class="content-inner container-640">
            <h2 class="title">Die Herausforderung</h2>
            <div class="introduction-text"><p><span style="font-weight: 400;">Der Global Disability Summit benötigte eine Website, auf der er die Bedeutung seiner Arbeit vermitteln sowie Informationen über seine Veranstaltungen, die Anmeldung zum Gipfel und dessen Programme mit der Öffentlichkeit teilen kann.</span></p>
</div>
        </div>
        <div class="image container-1080">
            <img decoding="async" src=" https://swisstomato.ch/wp-content/uploads/2025/02/GDS-img2.jpg" alt="Die Herausforderung" />
        </div>
    </div>


<div  class="stbase-reference-result-block  stbase-block color-light  additional">
                <div class="additional-content content-inner container-640">
                                    <h2 class="title">Die Lösung</h2>
                                <div class="additional-text"><p><span style="font-weight: 400;">Swiss Tomato entwickelte eine <a href="https://swisstomato.ch/de/webdesign-zurich/">WordPress-Website</a>, die erklärt, wer der GDS ist, und eine Vielzahl von Ressourcen zu vergangenen Veranstaltungen und gesammelten Berichten bereitstellt. Die Website informiert über verschiedene Veranstaltungen, regionale Gipfel, Foren der Zivilgesellschaft sowie die Programme des Global Disability Summit. Die Anmeldung zu diesen Veranstaltungen ist über die Website möglich.</span></p>
<h4><b>Barrierefreiheit</b></h4>
<p><span style="font-weight: 400;">Die neue GDS-Website ist nicht nur farbenfroh und benutzerfreundlich, sondern verfügt auch über spezielle Funktionen hinsichtlich Barrierefreiheit, die es Menschen mit Behinderungen erleichtern, die Website zu verstehen und zu nutzen. Dazu gehören die Anpassung der Schriftgrösse, Farben und Schaltflächen sowie eine Text-zu-Sprache-Funktion und eine einfache Navigation über die Tastatur.</span></p>
</div>
            </div>
                <div class="content media-type-ipad">
            <div class="content-background"  style="background-color: #0f5aff;" ></div>
                            <div class="media image-in-ipad container-1080">
                    <img decoding="async" src=" https://swisstomato.ch/wp-content/uploads/2025/02/GDS-screen.jpg" class="ipad-inner" alt="" />
                    <img decoding="async" src="https://swisstomato.ch/wp-content/themes/st-base-theme/assets/imgs/iPad-frame.png" class="ipad-frame" alt="iPad frame" />
                </div>
                        <div class="result content-inner container-640">
                <h2 class="title">Die Ergebnisse</h2>
                <div class="result-text"><p><span style="font-weight: 400;">Durch einen kollaborativen und ergebnisorientierten Ansatz verfolgt der GDS das Ziel, eine Welt zu schaffen, in der Menschen mit Behinderungen gleiche Chancen haben, sich zu beteiligen, beizutragen und in der Gesellschaft erfolgreich zu sein – und damit die globale Bewegung für echte Inklusion und soziale Gerechtigkeit voranzutreiben.</span></p>
</div>
                                    <div class="project-button">
                        <a href="https://www.globaldisabilitysummit.org/" target="_blank" class="button project" rel="noopener">
                            <i class="fas fa-external-link-alt"></i>
                            <span>Live website</span>
                        </a>
                    </div>
                            </div>
        </div>
    </div>

Website-Entwicklung für Barrierefreiheit und Inklusion
